1 - -23?
10021303030310
In base 6, what is -35025 - -204?
-34421
In base 16, what is c03dc7 + 1?
c03dc8
In base 15, what is 6b2c7 - -5?
6b2cc
In base 10, what is 193216 - -29?
193245
In base 6, what is -100102 - -5112?
-50550
In base 9, what is -40110 + 12757?
-26242
In base 7, what is -3342520 - -20?
-3342500
In base 6, what is -305 + -1345123?
-1345432
In base 2, what is 1000000110 + 101100101110000?
101101101110110
In base 2, what is 111011100101101100010101100 - 100?
111011100101101100010101000
In base 11, what is -234641 + 11a?
-234522
In base 4, what is -2231203113 + 112?
-2231203001
In base 15, what is -3895 - 1206?
-4a9b
In base 9, what is -53040511 + -2?
-53040513
In base 14, what is 5 + -7d26614?
-7d2660d
In base 9, what is 1217 + -730?
377
In base 4, what is 203312121211 + -12?
203312121133
In base 9, what is -3026 - 863228?
-866255
In base 15, what is b4 + -2a10c?
-2a048
In base 10, what is -325 - -11876?
11551
In base 4, what is 22 + 201302110022?
201302110110
In base 6, what is 4 - -1352202533?
1352202541
In base 3, what is -10002010012021221 + 11?
-10002010012021210
In base 3, what is 1002021111220 - -1210221?
1002100022211
In base 6, what is -42304 - 25302?
-112010
In base 8, what is 1014562054 - -5?
1014562061
In base 6, what is -122432 + -11135?
-134011
In base 16, what is -4b7cc + -127?
-4b8f3
In base 6, what is -1 + 33213301?
33213300
In base 5, what is -302320020 + 2?
-302320013
In base 10, what is 59342 - -54?
59396
In base 5, what is 3113131024330 + 4?
3113131024334
In base 14, what is -12b2 + 2080?
bac
In base 7, what is 22230540 + 423?
22231263
In base 10, what is -19812 - 1221?
-21033
In base 4, what is 0 - -112323023003?
112323023003
In base 7, what is -10053 + 16325?
6242
In base 14, what is -b84 - b7?
-c5b
In base 10, what is 44 + -82031?
-81987
In base 7, what is -6 + -54021556?
-54021565
In base 3, what is -20002121 + -20021012001?
-20111021122
In base 7, what is 110312656 + -5?
110312651
In base 2, what is -1111010001 - -101111111100?
100000101011
In base 3, what is 100202002 + -11002010?
12122222
In base 3, what is -1 - 111020122?
-111020200
In base 5, what is 0 + 233214014?
233214014
In base 9, what is -76 + 648403?
648316
In base 3, what is 2222220102 + -1002021?
2221211011
In base 2, what is -10111000010 + -11?
-10111000101
In base 9, what is 42401 - -346?
42747
In base 15, what is e + 3867073?
3867082
In base 12, what is -1 - 13b8821?
-13b8822
In base 15, what is 91bc80 - b?
91bc74
In base 11, what is 47664 + 51?
47705
In base 12, what is -109 - 721299?
-7213a6
In base 11, what is 356931 - 19?
356913
In base 2, what is 1110 + -10010111011001100100111?
-10010111011001100011001
In base 2, what is -1001101 - -1100110010100010?
1100110001010101
In base 7, what is 21 - -3521400?
3521421
In base 4, what is -3103133120033 + 10?
-3103133120023
In base 14, what is -7008917 + 8?
-700890d
In base 5, what is 120 - 1324144133?
-1324144013
In base 16, what is -a417 + -32?
-a449
In base 12, what is -1 + -1183b61?
-1183b62
In base 5, what is 1123000 + -21303?
1101142
In base 7, what is 406 - 2301202?
-2300463
In base 16, what is 99998d + 38?
9999c5
In base 12, what is 1243 + 1703?
2946
In base 12, what is 3 + 249a565?
249a568
In base 8, what is 66032346 - 0?
66032346
In base 12, what is 12b2b62 - -3?
12b2b65
In base 11, what is 178a45a - -4?
178a463
In base 6, what is -31 - 553545334?
-553545405
In base 9, what is -5812 - -487?
-5314
In base 6, what is -1524434522 - -3?
-1524434515
In base 12, what is -2 + -1566a754?
-1566a756
In base 14, what is -4d14788 - -1?
-4d14787
In base 9, what is -26052675 + -26?
-26052712
In base 7, what is -4 - -11424265?
11424261
In base 16, what is 871fe1 - 1?
871fe0
In base 9, what is 152135 - -4382?
156527
In base 5, what is -1043134000 - -30?
-1043133420
In base 15, what is -23963ab1 - 0?
-23963ab1
In base 14, what is 166b + 11a5?
2832
In base 6, what is -14 + 45541?
45523
In base 15, what is 3 - -8613649?
861364c
In base 7, what is -11544143 + 5?
-11544135
In base 13, what is a + 45894b6?
45894c3
In base 13, what is 0 - -5a7a060?
5a7a060
In base 5, what is -12 - 2431124142?
-2431124204
In base 12, what is -146346a + 3?
-1463467
In base 14, what is 3 - -110885d?
1108862
In base 13, what is 24962c3 + -46?
249627a
In base 11, what is -9 - 8aa8a90?
-8aa8a99
In base 6, what is -22111305 + 110?
-22111155
In base 13, what is -1 + 1902c2a?
1902c29
In base 10, what is 2 - 1019009?
-1019007
In base 16, what is -d - 74b0a?
-74b17
In base 7, what is -6 + 210252433?
210252424
In base 12, what is -697 - 624?
-10bb
In base 11, what is 1407591 - 14?
1407578
In base 14, what is 1c30bab + -4?
1c30ba7
In base 15, what is -1d7 + 26693?
264ab
In base 2, what is -10100 + 1010010001100?
1010001111000
In base 14, what is 1503 - -c05?
2308
In base 2, what is 101110110010000101111010 + -10100?
101110110010000101100110
In base 13, what is 11 - -54b55a?
54b56b
In base 15, what is 7a1e7 + -3?
7a1e4
In base 7, what is -15246 + -535326?
-553605
In base 16, what is 1f47c - -67?
1f4e3
In base 14, what is -43b4 - -2a2?
-4112
In base 3, what is 2200120121001100 - -2?
2200120121001102
In base 5, what is 101 - 22024400033?
-22024344432
In base 11, what is 27 - -84791?
84808
In base 13, what is 0 - 408212c?
-408212c
In base 14, what is -8377 - -91?
-82c6
In base 9, what is -427 - 883260?
-883687
In base 5, what is -23 + -112032213321?
-112032213344
In base 7, what is 545233 - -51?
545314
In base 10, what is -2927 + 45828?
42901
In base 12, what is 600b589a + -2?
600b5898
In base 10, what is 1 + 8433963?
8433964
In base 5, what is 113 + 1103120?
1103233
In base 13, what is 371911b - 3?
3719118
In base 10, what is 23780 + -1438?
22342
In base 15, what is -41ba3 - 112?
-41cb5
In base 7, what is 3540230 - 33?
3540164
In base 15, what is -c70a - -22?
-c6d8
In base 10, what is 2 + -1734041?
-1734039
In base 14, what is -5b67348 + -5?
-5b6734d
In base 6, what is 25314 - 52342?
-23024
In base 10, what is -632727 - -21?
-632706
In base 8, what is -6751202 + 4?
-6751176
In base 10, what is -15963 - 18903?
-34866
In base 7, what is -23423 - 52620?
-106343
In base 13, what is 7 + 2789a29?
2789a33
In base 2, what is -101 - 11000000101011110010001111?
-11000000101011110010010100
In base 2, what is 1100100 - -101001011101001010101?
101001011101010111001
In base 3, what is 21222 + -1001221211?
-1001122212
In base 6, what is 3 + 3053410120?
3053410123
In base 12, what is 0 + 1173643?
1173643
In base 14, what is -249b5 - -66?
-2494d
In base 13, what is 3 - -58215a8?
58215ab
In base 14, what is 2d - -43014?
43043
In base 14, what is 54b2a8 - -8?
54b2b2
In base 5, what is -31122100 - 12?
-31122112
In base 5, what is 14022133303 - -10?
14022133313
In base 7, what is -31044133031 + -2?
-31044133033
In base 2, what is 110010010101 - -1001100110110100110?
1001101101000111011
In base 9, what is 10745442 + 16?
10745458
In base 11, what is -11652108 + -5?
-11652112
In base 8, what is -524 + -121416?
-122142
In base 6, what is 4035300004 + -2?
4035300002
In base 15, what is 181a7 + 317?
184be
In base 5, what is 124422300 + 12131?
124434431
In base 6, what is -30205003 + 45?
-30204514
In base 9, what is -33 - -601446?
601413
In base 10, what is -17 - -5241481?
5241464
In base 3, what is 12020 + 202211012?
210000102
In base 12, what is 114 + 551231?
551345
In base 11, what is -16682 - 7382?
-22a54
In base 4, what is 11102 + 321130213?
321201321
In base 13, what is 83794 - 252?
83542
In base 14, what is 57a + 6d3?
c6d
In base 12, what is -1208473 + 4?
-120846b
In base 5, what is 121231140 + 412?
121232102
In base 13, what is -1 + 1357b0c?
1357b0b
In base 6, what is 1451 - 1131250?
-1125355
In base 11, what is 101902 + -463?
10144a
In base 2, what is -1000110110110010111110010 + -11?
-1000110110110010111110101
In base 11, what is 2a244a2 + 2?
2a244a4
In base 10, what is -1727304 + -42?
-1727346
In base 12, what is 5b5780 + 2?
5b5782
In base 3, what is -2001101120 - 11110?
-2001120000
In base 11, what is -349 - 225750?
-225a99
In base 5, what is -1343021211 + 232?
-1343020424
In base 8, what is -1610 + -2134051?
-2135661
In base 2, what is -100101111101100010 - -11001111?
-100101111010010011
In base 14, what is 8addb - -7?
8b004
In base 11, what is 3 - 1